t v be l(-7). Let p = 18 - v. What is the greatest common factor of r and p?
5
Suppose 0 = -5*u + 2*u - 129. Let l = 115 + u. Let d be 5/(-25) + (-287)/(-35). Calculate the highest common divisor of l and d.
8
Suppose -23*i + 19*i = -3*u - 157, 5*i + u = 201. Calculate the highest common factor of 160 and i.
40
Suppose 0 = 5*k - 2*o + 3*o - 544, -k + 120 = 3*o. Let y be k/5 + (-12)/20. What is the greatest common divisor of y and 3?
3
Let u(o) = 6*o + 3. Let h be u(3). Let w = 31 - h. What is the greatest common divisor of 2 and w?
2
Let b be 3/2 + (-3)/(-6). Suppose 10 - 2 = b*n. Calculate the highest common factor of n and 4.
4
Let o = -2 + 10. Calculate the greatest common factor of 8 and o.
8
Let x(g) = g - 5*g**2 + 2*g**2 - 4 + 4*g + g**3. Let f be x(3). What is the greatest common factor of 55 and f?
11
Let x be (-3 - -5)/((-1)/(-14)). Suppose 302 = 5*v - x. Calculate the greatest common divisor of 6 and v.
6
Let r be (-4)/8 - (-163)/2. Let x(o) = o**2 - 6*o - 7. Let z be x(8). What is the greatest common divisor of r and z?
9
Let a be (-19 + -1)*(-42)/35. What is the highest common divisor of 60 and a?
12
Let l(k) = -k**3 + 6*k**2 - 4*k + 8. Let m be l(5). Calculate the greatest common factor of m and 130.
13
Suppose 2*s - 7 - 9 = -4*d, -3*d = -3. Calculate the greatest common factor of s and 66.
6
Suppose -n = 10 - 36. Suppose 6 = u + s - 0, 3*u = s + 18. Suppose 0 = -o + u*o - 325. What is the highest common factor of n and o?
13
Let p be 4/6 + 192/9. Let t = -13 + 24. Calculate the greatest common factor of t and p.
11
Let n(p) = p**3 + 7*p**2 - 4*p + 2. Let o be n(-7). What is the highest common divisor of 12 and o?
6
Let f be 189/(-6)*(15/9 + -3). What is the greatest common factor of f and 6?
6
Let u = 0 - -2. Let c be 17 - (-2)/(0 + 2). What is the greatest common divisor of c and u?
2
Let j(h) = -3*h**2 - 1 + 2*h**2 - 2 + 9*h. Let d be j(8). Suppose -d*m = 3*p - 29, -5*p - 2*m + 85 = -m. Calculate the greatest common divisor of p and 144.
18
Let d = -29 - -44. Let l(a) be the third derivative of a**5/20 - a**4/8 - a**3/2 + 4*a**2. Let z be l(-2). Calculate the highest common factor of d and z.
15
Suppose 3*h - 100 = h. Let x = 14 + -9. Let y be x*(-2 + (2 - -1)). Calculate the greatest common divisor of y and h.
5
Let m be ((-36)/15)/((-1)/(3 + 2)). What is the greatest common divisor of m and 6?
6
Let g(o) = o**2 - 6*o + 8. Let q be g(6). Let a = 24 + q. Calculate the highest common factor of 4 and a.
4
Let j be ((-9)/6 + 3)*2. Suppose -2 - 13 = -j*s. Suppose s*l + 2*a = 6*a + 529, -l = -a - 106. Calculate the highest common divisor of 42 and l.
21
Let m be (-6)/(-4) + (-3)/(-6). Suppose d + 3*g + m = 0, -4*d - 2*g + 29 = d. Calculate the greatest common divisor of 49 and d.
7
Let h be 13 + -3 + (-1 - 0). What is the greatest common divisor of 45 and h?
9
Let q(g) be the third derivative of g**5/60 - g**4/8 - g**3/3 + 2*g**2. Let w be q(2). Let h = -2 - w. What is the highest common divisor of 2 and h?
2
Suppose -16*w = -14*w - 32. Calculate the greatest common factor of w and 144.
16
Let d = -7 - -16. Let s be (-3 + (-15)/d)*-96. Let b be (s/12)/((-1)/(-3)). Calculate the greatest common factor of b and 14.
14
Let i(h) = -7*h + 1. Let u be i(-1). What is the highest common factor of 8 and u?
8
Suppose 2*o = -5*i + 180, -o - 3*i + 90 = i. Calculate the greatest common divisor of o and 36.
18
Suppose -x - h - 43 = -0*x, -5*h = -5*x - 215. Let v = 196 + x. Let l be 4/(-14) + 121/7. Calculate the highest common factor of v and l.
17
Let w(g) = g**3 - 7*g**2 + 2*g - 10. Let v be w(7). Let i = -6 + 6. Suppose i*c + 8 = y - 4*c, -2*y - 2*c = -6. What is the greatest common factor of v and y?
4
Let t = 92 - 65. Calculate the highest common factor of 9 and t.
9
Let i(q) = q - 3. Let m be i(0). Let r be 146 + -3 - (-3 - m). Suppose 3*a - 26 = a. What is the greatest common factor of a and r?
13
Suppose 5*i - j = 4*i + 74, -5*i - 2*j + 356 = 0. Let w = i + -38. What is the highest common factor of 306 and w?
34
Let i(t) be the first derivative of -t**3/3 + 5*t**2 - 3*t + 2. Let m be (4/10)/(5/100). Let s be i(m). Calculate the highest common divisor of s and 39.
13
Let u = 71 + -45. Calculate the highest common divisor of u and 65.
13
Suppose l + 0*l - 4 = 0. Let c be ((-224)/(-24))/(l/42). Calculate the greatest common factor of 14 and c.
14
Suppose 44*j - 51*j = -77. What is the greatest common divisor of j and 77?
11
Let g = -17 - -23. What is the greatest common factor of g and 21?
3
Suppose -1 = 3*v - 19. What is the highest common factor of v and 9?
3
Let p be 6/(22/18 + -1). Let j(f) = 2*f**2 - f - 2. Let z be j(-2). Suppose -4*n - 2*u = -4, -n + 3*u = z*u + 17. What is the highest common divisor of p and n?
3
Let k = -6 + 7. Let r(s) = 1 - 6 - 5*s - k. Let o be r(-6). Calculate the greatest common factor of 8 and o.
8
Let t = -187 - -561. Calculate the greatest common factor of t and 34.
34
Let z = 2 + 0. What is the highest common factor of z and 18?
2
Suppose 3*q - 468 = -0*q. Suppose a = 3*a - q. Let m = 21 - 8. Calculate the greatest common factor of m and a.
13
Let y be 28*2*6/16. Suppose -3*u + 54 = -6*u. Let j be 187/9 - 4/u. Calculate the highest common factor of j and y.
21
Let d be (21/(-14))/(3/(-4)). What is the highest common divisor of d and 2?
2
Let r(t) = t**3 - 3*t**2 + t - 9. Let m be r(4). What is the greatest common divisor of m and 55?
11
Let b(u) = -u - 3. Let r be b(-5). Suppose -2*m - 124 = -3*v, 2*v = -r*m + 101 - 25. Calculate the highest common factor of 10 and v.
10
Let h(a) = a**3 + a + 6. Suppose 0 = -4*g + 4*j, -5*g - j + 0*j = 0. Let n be h(g). Calculate the highest common factor of n and 2.
2
Let m = -302 - -500. What is the highest common divisor of 22 and m?
22
Suppose 27 = 2*l - 3*y, l - 3*l - 3*y = -9. Suppose -p + 1 = -2. Calculate the greatest common divisor of l and p.
3
Suppose 47*k = 49*k - 352. What is the greatest common divisor of 16 and k?
16
Suppose 0 = -c + 5*c - 252. Suppose -y = -c - 67. Suppose d + 51 = 4*m, -d - 67 = -5*m - 3*d. What is the greatest common divisor of m and y?
13
Let t be (2 - -1)*(1 + 2). Calculate the greatest common divisor of t and 1.
1
Suppose -h - 3*h + 16 = 0. Suppose 2*m = h*m - 34. Suppose 2 = -d + m. Calculate the highest common factor of d and 5.
5
Let w be 72/(-90) + 1458/10. Calculate the highest common factor of 29 and w.
29
Let t = 12 + -14. Let s = t - -23. Calculate the highest common factor of 7 and s.
7
Let q = 3 + 9. What is the greatest common divisor of 42 and q?
6
Suppose -99 - 3 = -2*v. Calculate the highest common divisor of 255 and v.
51
Let c(w) = -9*w + 1. Let m be c(-1). Let h(y) = -y**2 + 11*y + 8. Let o be h(m). Calculate the greatest common factor of 18 and o.
18
Let w(j) = j - 3. Let z be w(2). Let v(g) = -14*g + 1. Let d be v(z). Let o be d - (-3)/(-6)*-2. What is the greatest common divisor of o and 16?
16
Let g be ((-95)/(-10))/(1/2). Let s = -13 + g. Suppose -2*c + 62 = 3*n - s*c, -4*n - c + 51 = 0. Calculate the greatest common factor of 35 and n.
7
Let i(x) = -x**3 - 4*x**2 - 3*x + 2. Let l be i(-4). Calculate the greatest common factor of 42 and l.
14
Let z = 3 + -3. Suppose z = -3*v - 0*q + 3*q + 9, 0 = -5*v - 5*q + 25. Let r be (-34)/(-8) - 1/4. Calculate the greatest common factor of v and r.
4
Let j = 103 - 88. Calculate the greatest common divisor of 120 and j.
15
Let x(h) = h + 44. Let t be x(0). Suppose 2*s = -4*j + 11 + 73, 0 = 3*j - s - 68. What is the greatest common factor of t and j?
22
Suppose 26 + 10 = 6*s. Let v = -5 - -9. What is the highest common factor of s and v?
2
Let s be (99/3)/(18/(-12)). Let t = -10 - s. What is the highest common divisor of 18 and t?
6
Suppose -r + 410 = r. Let m = r + -142. Let z be -2*(2 + 26/(-4)). Calculate the highest common divisor of m and z.
9
Suppose -2*r + 43 + 13 = 0. Let t(g) = g + 12. Let i be t(5). Suppose 0 = d + 5, -c = 2*c - d - i. Calculate the highest common factor of c and r.
4
Suppose 0 = -i + 12 - 0. Let q be 50 - (3 - (1 + 0)). Let f be 2/4*0 + q. Calculate the greatest common factor of f and i.
12
Let a = -9 - -8. Let h be 162/10 + a/5. Let g = h + -6. Calculate the greatest common divisor of g and 100.
10
Suppose -298 - 230 = -3*s. Suppose -3*h = j + 2